?
25
In base 7, what is -3 - 2531?
-2534
In base 2, what is 1000011001 + 101?
1000011110
In base 6, what is -5 - 113?
-122
In base 10, what is -668 - 0?
-668
In base 7, what is 4 - 2646?
-2642
In base 4, what is -210 - -1?
-203
In base 8, what is -73 - -55?
-16
In base 13, what is 2 - 3?
-1
In base 9, what is 565 - 4?
561
In base 9, what is -1 - 4318?
-4320
In base 15, what is -4 + 2b44?
2b40
In base 4, what is -330 - -2?
-322
In base 2, what is -11110011 - -101000?
-11001011
In base 11, what is -4 - -3690?
3687
In base 11, what is 5 - 522?
-518
In base 9, what is -1 + 74?
73
In base 8, what is -23 - 1?
-24
In base 6, what is 12202 + 4?
12210
In base 8, what is -14 - -352?
336
In base 4, what is -23321 + 20?
-23301
In base 16, what is 2 - -2e5?
2e7
In base 5, what is -10 + -104?
-114
In base 3, what is -200222112 + 2?
-200222110
In base 14, what is 29d + 3?
2a2
In base 12, what is -6 - -31?
27
In base 3, what is 11010 - 1?
11002
In base 15, what is 14 + 0?
14
In base 5, what is -12 - -10332?
10320
In base 6, what is 2 - 13520?
-13514
In base 10, what is -5 + -114?
-119
In base 2, what is -1 - -1111001111?
1111001110
In base 2, what is 11001 + -101010?
-10001
In base 4, what is -10 + -3132?
-3202
In base 11, what is -15 - -733?
719
In base 9, what is -85 + 5?
-80
In base 14, what is -1 - 6a5?
-6a6
In base 16, what is -3b + a?
-31
In base 11, what is -5 - 50?
-55
In base 12, what is 5 + 36b?
374
In base 3, what is -11222 - 0?
-11222
In base 5, what is 3 + -4303?
-4300
In base 9, what is 6 + 45?
52
In base 15, what is 4 + -487?
-483
In base 12, what is 7 + -174a?
-1743
In base 6, what is 104 + -10?
54
In base 8, what is 10 + -301?
-271
In base 13, what is 72 + -3?
6c
In base 4, what is -12330 + -2?
-12332
In base 16, what is 11f + 7?
126
In base 2, what is 100 + 1010010110?
1010011010
In base 10, what is -3 - 4502?
-4505
In base 12, what is -3 - -b?
8
In base 13, what is 640 + 3?
643
In base 3, what is -2200 - 200?
-10100
In base 13, what is 1 + -101?
-100
In base 10, what is -84 + -8?
-92
In base 3, what is -2 + 1212?
1210
In base 12, what is -2 + 3307?
3305
In base 3, what is -1111 + 1?
-1110
In base 6, what is -41230 - -1?
-41225
In base 7, what is 151 - 121?
30
In base 5, what is 12210 + 2?
12212
In base 2, what is 1111001110 - 100?
1111001010
In base 12, what is 8 + -123?
-117
In base 15, what is -3 + d93?
d90
In base 16, what is -5c - -6?
-56
In base 13, what is -10 - cc?
-10c
In base 16, what is 73 + 2?
75
In base 4, what is -10 + 3313?
3303
In base 11, what is 20a + 4?
213
In base 15, what is -10 + -1c?
-2c
In base 11, what is 83a - 1?
839
In base 11, what is 3 + 24?
27
In base 5, what is -222 + -22?
-244
In base 15, what is -1896 - 2?
-1898
In base 16, what is 1 + -18d?
-18c
In base 8, what is 323 - -3?
326
In base 15, what is -5 + 68?
63
In base 12, what is 722 + 0?
722
In base 8, what is -7 + 174?
165
In base 14, what is -10d - -12?
-db
In base 14, what is 663 + -2?
661
In base 14, what is 32 - 4?
2c
In base 2, what is 0 - -101?
101
In base 6, what is -301 + 5?
-252
In base 7, what is -5 + -50?
-55
In base 12, what is -5 + -b1?
-b6
In base 10, what is 1762 - 6?
1756
In base 10, what is -92 + 32?
-60
In base 7, what is 0 + -32?
-32
In base 10, what is -425 - 1?
-426
In base 11, what is 72 + -1?
71
In base 12, what is -1335 + 3?
-1332
In base 6, what is 21 - 413?
-352
In base 4, what is -30 + -31?
-121
In base 16, what is a7 - -1?
a8
In base 12, what is 135 - 14?
121
In base 11, what is aa4 - -5?
aa9
In base 7, what is -1 - 13340?
-13341
In base 4, what is 103 - 30?
13
In base 11, what is -44 - 3?
-47
In base 4, what is 3 + -1123?
-1120
In base 9, what is 5 + 1218?
1224
In base 7, what is 0 - -1312?
1312
In base 11, what is 81 - -146?
217
In base 9, what is 351 + 3?
354
In base 9, what is -27 + 137?
110
In base 10, what is 122 + 10?
132
In base 2, what is -1110001 + 0?
-1110001
In base 2, what is 100010011 - -1?
100010100
In base 10, what is 331 + -3?
328
In base 6, what is 0 + -4150?
-4150
In base 7, what is -4 - -41?
34
In base 16, what is 3c + -5?
37
In base 11, what is -5 + 183?
179
In base 4, what is -10 - 202?
-212
In base 10, what is 3 - 11?
-8
In base 10, what is 100 - -3?
103
In base 7, what is 203 + 11?
214
In base 12, what is -3 - 3?
-6
In base 12, what is -2 + -93b?
-941
In base 8, what is -612 + -3?
-615
In base 7, what is 2 - -62?
64
In base 15, what is -2 + 82?
80
In base 15, what is 2 + -7ec?
-7ea
In base 16, what is 20 - -1c?
3c
In base 10, what is 2 + -2998?
-2996
In base 5, what is 0 + 411?
411
In base 3, what is -100110102 + 2?
-100110100
In base 2, what is 1001111 - -101011?
1111010
In base 7, what is -26 - -446?
420
In base 6, what is 241 - -5?
250
In base 13, what is 4 + -107?
-103
In base 3, what is -102011 - -2?
-102002
In base 2, what is 0 - -100000?
100000
In base 13, what is -3 + 517?
514
In base 5, what is -1 + 1420?
1414
In base 4, what is -111 + 3?
-102
In base 9, what is 5 - -1436?
1442
In base 14, what is -1 + 55?
54
In base 15, what is 9 - 35?
-2b
In base 15, what is 0 - -67?
67
In base 9, what is -3 + -74?
-77
In base 2, what is -1011000 - -10?
-1010110
In base 10, what is 38 + 1?
39
In base 10, what is 0 - -908?
908
In base 10, what is 114 - 2?
112
In base 3, what is -10 + 102210?
102200
In base 6, what is -31343 - 3?
-31350
In base 13, what is a3 - -2?
a5
In base 16, what is 4e2 + -4?
4de
In base 7, what is 6425 + 4?
6432
In base 4, what is -130 + -13?
-203
In base 4, what is 301 + -221?
20
In base 8, what is 104 + 2?
106
In base 13, what is 4 + -68b?
-687
In base 5, what is 4 - -143?
202
In base 4, what is -11 - -102331?
102320
In base 11, what is -48 + 50?
3
In base 6, what is -40131 - 0?
-40131
In base 11, what is -13 + 98a?
977
In base 15, what is -1ed4 - -2?
-1ed2
In base 12, what is 8b9 - 5?
8b4
In base 8, what is 103 - 3?
100
In base 3, what is -2 + -1012?
-1021
In base 15, what is 3 - 3c?
-39
In base 7, what is -53235 + -2?
-53240
In base 16, what is 4c + -3?
49
In base 11, what is -1a3 - -1?
-1a2
In base 4, what is 3113120 - 1?
3113113
In base 8, what is -144 - 2?
-146
In base 2, what is -100011010 - 10?
-100011100
In base 11, what is 5 + -105?
-100
In base 6, what is -434 + 14?
-420
In base 9, what is 3 + 1461?
1464
In base 3, what is 2010 + 11?
2021
In base 9, what is 857 - -4?
862
In base 12, what is 6 - 1b1?
-1a7
In base 10, what is -7 + 113?
106
In base 10, what is 343 + 8?
351
In base 13, what is 1c + 52?
71
In base 3, what is -21 - -11100?
11002
In base 4, what is -11 - 1210?
-1221
In base 3, what is -112 - 10?
-122
In base 8, what is -2 + -355?
-357
In base 14, what is -1 - -9a?
99
In base 7, what is -332 - 2?
-334
In base 8, what is 3 + 257?
262
In base 2, what is -100 - -1001111101?
1001111001
In base 13, what is -37 - -45?
b
In base 7, what is -3 + 3524?
3521
In base 12, what is 131 + -47?
a6
In base 4, what is -200 + -1033?
-1233
In base 9, what is 76 - 4?
72
In base 14, what is -3 - -cb?
c8
In base 8, what is 754 + 2?
756
In base 12, what is -4 - -244a?
2446
In base 8, what is 63 - 4?
57
In base 7, what is 1406 - -2?
1411
In base 6, what is 341 + 14?
355
In base 12, what is 16 + 140?
156
In base 14, what is 0 - 18?
-18
In base 13, what is 181 - 1?
180
In base 4, what is -20 + -10?
-30
In base 16, what is 2 - -121?
123
In base 15, what is -4 + -a2?
-a6
In base 15, what is -88 + 0?
-88
In base 13, what is a61 - -3?
a64
In base 13, what is 136c8 - 3?
136c5
In base 14, what is 1 - 56?
-55
In base 9, what is 4025 - -1?
4026
In base 4, what is -102 + -122?
-230
In base 13, what is 17a + 2?
17c
In base 7, what is 13 + 103?
116
In base 12, what is 5 - 11?
-8
In base 6, what is 441 - -14?
455
In base 16, what is -20a + -4?
-20e
In base 11, what is -a8 + 2?
-a6
In base 4, what is -22333 - 2?
-23001
In base 12, what is 172 + -1?
171
In base 5, what is 4 + -11202?
-11143
In base 3, what is 100 + -2112?
-2012
In base 2, what is 101100010 - 1010?
101011000
In base 3, what is -121 + -21102?
-22000
In base 8, what is 127 - -2?
131
In base 16, what is 5c - 19?
43
In base 14, what is 64d + c?
65b
In base 11, what is -2 + 27?
25
In base 13, what is -5 + -7?
-c
In base 7, what is -34 + -34?
-101
In base 15, what is 19 + 3c?
56
In base 4, what is -10130 + 2?
-10122
In base 5, what is -1220 - -4?